{"id":47,"date":"2023-03-03T14:11:14","date_gmt":"2023-03-03T14:11:14","guid":{"rendered":"https:\/\/sigi-lueer.de\/?page_id=47"},"modified":"2024-08-02T21:57:59","modified_gmt":"2024-08-02T19:57:59","slug":"liedermacher","status":"publish","type":"page","link":"https:\/\/sigi-lueer.de\/?page_id=47","title":{"rendered":"LIEDERMACHER"},"content":{"rendered":"\n<figure class=\"wp-block-image size-full\"><img fetchpriority=\"high\" decoding=\"async\" width=\"1024\" height=\"189\" src=\"https:\/\/sigi-lueer.de\/wp-content\/uploads\/2023\/03\/image-12.png\" alt=\"\" class=\"wp-image-1317\" srcset=\"https:\/\/sigi-lueer.de\/wp-content\/uploads\/2023\/03\/image-12.png 1024w, https:\/\/sigi-lueer.de\/wp-content\/uploads\/2023\/03\/image-12-300x55.png 300w, https:\/\/sigi-lueer.de\/wp-content\/uploads\/2023\/03\/image-12-768x142.png 768w\" sizes=\"(max-width: 1024px) 100vw, 1024px\" \/><\/figure>\n\n\n\n<p><\/p>\n\n\n\n<p><a href=\"https:\/\/youtu.be\/SM1J2U8P2Ps\"><strong>&#8222;Der Tag geht zu Ende&#8220; <\/strong> ein Lied aus dem Jahre 1979, das ich im Juni 2024 ver\u00f6ffentlichte<\/a><\/p>\n\n\n\n<p><a href=\"https:\/\/youtu.be\/6GxNRNzOPiU\"><strong>Sigi L\u00fcer &amp; Tim Hecking auf den Spuren des gro\u00dfen deutschen Liedermachers<\/strong><\/a> Teil 1<\/p>\n\n\n\n<p><a href=\"https:\/\/youtu.be\/K8IN8a1K-hk\"><strong>Sigi L\u00fcer &amp; Tim Hecking auf den Spuren des gro\u00dfen deutschen Liedermachers <\/strong><\/a> Teil 2<\/p>\n\n\n\n<p><a href=\"https:\/\/youtu.be\/PYRQviDPw2E\"><strong>Gute Nacht  L\u00fcer &amp; Hecking <\/strong>2023.09.30 Kulturwerkstatt SF<\/a><\/p>\n\n\n\n<p><strong><a href=\"https:\/\/youtu.be\/p3fOVR5Tn2U\" data-type=\"URL\" data-id=\"https:\/\/youtu.be\/p3fOVR5Tn2U\" target=\"_blank\" rel=\"noreferrer noopener\">Gute Nacht<\/a><\/strong>&nbsp;-Zugabe der besonderen Art- (Allg\u00e4uer Liedermacher laden ein @ Haus Oberallg\u00e4u Sonthofen<strong>&nbsp;<\/strong>2021)<\/p>\n\n\n\n<p><strong><a href=\"https:\/\/youtu.be\/ciEhXhKqMsU\" data-type=\"URL\" data-id=\"https:\/\/youtu.be\/ciEhXhKqMsU\" target=\"_blank\" rel=\"noreferrer noopener\">Geht uns alle an<\/a><\/strong>&nbsp;(Allg\u00e4uer Liedermacher laden ein @ Haus Oberallg\u00e4u Sonthofen<strong>&nbsp;<\/strong>2021)<\/p>\n\n\n\n<p><strong><a href=\"https:\/\/youtu.be\/Qwr-xNdm_UA\" data-type=\"URL\" data-id=\"https:\/\/youtu.be\/QJ8GRtxLTvY\" target=\"_blank\" rel=\"noreferrer noopener\">Die E-Mail<\/a><\/strong>&nbsp;(Allg\u00e4uer Liedermacher laden ein @ Haus Oberallg\u00e4u Sonthofen<strong>&nbsp;<\/strong>2021)<\/p>\n\n\n\n<p><strong><a href=\"https:\/\/youtu.be\/gg25prGs28Q\" data-type=\"URL\" data-id=\"https:\/\/youtu.be\/gg25prGs28Q\" target=\"_blank\" rel=\"noreferrer noopener\">In einem fremden Land<\/a>&nbsp;<\/strong>(Kulturwerkstatt Sonthofen 2021)<\/p>\n\n\n\n<p><a href=\"https:\/\/www.youtube.com\/watch?v=WSdv_AaP2Es&amp;t=120s\" target=\"_blank\" rel=\"noreferrer noopener\"><strong>A&#8216; Zeit lang her<\/strong><\/a>&nbsp;Robert Tanzinger &amp; Sigi L\u00fcer (Kulturwerkstatt Sonthofen 2021)<\/p>\n\n\n\n<p><a href=\"https:\/\/www.youtube.com\/watch?v=8FaNgO22T4U\" target=\"_blank\" rel=\"noreferrer noopener\"><strong>Ausschnitte aus der DVD Lockdown Session 2021<\/strong><\/a><\/p>\n\n\n\n<p><strong><a href=\"https:\/\/youtu.be\/Bz5EjU5xKJA\" data-type=\"URL\" data-id=\"https:\/\/youtu.be\/Bz5EjU5xKJA\" target=\"_blank\" rel=\"noreferrer noopener\">Herbstlied<\/a><\/strong> Blanz, Hecking &amp; L\u00fcer (Kulturwerkstatt Sonthofen 2020)<\/p>\n\n\n\n<p><strong><a href=\"https:\/\/youtu.be\/Q2bPhSJ76qY\" data-type=\"URL\" data-id=\"https:\/\/youtu.be\/Q2bPhSJ76qY\" target=\"_blank\" rel=\"noreferrer noopener\">Vielleicht werde ich doch langsam alt<\/a> <\/strong>(Siebzigjahrfeier mit Familie und Freunden in der Krone Stein 2019)<\/p>\n\n\n\n<p><strong><a href=\"https:\/\/youtu.be\/ZFPuKbq59Dw\" data-type=\"URL\" data-id=\"https:\/\/youtu.be\/ZFPuKbq59Dw\" target=\"_blank\" rel=\"noreferrer noopener\">Colors<\/a><\/strong>&nbsp;Sigi L\u00fcer meets Sigi Aldenhoff (Kulturwerkstatt Sonthofen 2019)<\/p>\n\n\n\n<p><strong><a href=\"https:\/\/youtu.be\/WUgYkGKndbw\" data-type=\"URL\" data-id=\"https:\/\/youtu.be\/WUgYkGKndbw\" target=\"_blank\" rel=\"noreferrer noopener\">Susan<\/a> Alte Feuerwehr Gerbrunn (W\u00fcrzburg\/Gerbrunn 2019)<\/strong><\/p>\n\n\n\n<p><a href=\"https:\/\/youtu.be\/_D76vbCrI_0\" data-type=\"URL\" data-id=\"https:\/\/youtu.be\/_D76vbCrI_0\" target=\"_blank\" rel=\"noreferrer noopener\"><strong>Der Nebel senkt sich nieder<\/strong><\/a> Alte Feuerwehr Gerbrunn (W\u00fcrzburg\/Gerbrunn 2019)<\/p>\n\n\n\n<p><strong><a href=\"https:\/\/youtu.be\/6hwr2GWjGOA\" data-type=\"URL\" data-id=\"https:\/\/youtu.be\/6hwr2GWjGOA\" target=\"_blank\" rel=\"noreferrer noopener\">Weit weit weg<\/a>\u00a0<\/strong>(Live-Nacht @ Caf\u00e9 H\u00e4rlein Sonthofen 2018)<\/p>\n\n\n\n<p><strong><a href=\"https:\/\/youtu.be\/9Key1oDNUrw\" data-type=\"URL\" data-id=\"https:\/\/youtu.be\/9Key1oDNUrw\" target=\"_blank\" rel=\"noreferrer noopener\">Gute Nacht Freunde<\/a><\/strong> -Zugabe- (Musikanten sind in der Stadt @ Kulturwerkstatt Sonthofen 2018)<\/p>\n\n\n\n<p><strong><a href=\"https:\/\/youtu.be\/PM_X1UAQguI\" data-type=\"URL\" data-id=\"https:\/\/youtu.be\/PM_X1UAQguI\" target=\"_blank\" rel=\"noreferrer noopener\">Traum vom Frieden<\/a> <\/strong>(Musikanten sind in der Stadt @ Kulturwerkstatt Sonthofen 2018)<\/p>\n\n\n\n<p><a href=\"https:\/\/www.youtube.com\/watch?v=dWFIam7Omcg\" target=\"_blank\" rel=\"noreferrer noopener\"><strong>Nach Griechenland gehen<\/strong><\/a>&nbsp;(Musikanten sind in der Stadt @ Kulturwerkstatt Sonthofen 2018)<\/p>\n\n\n\n<p><strong><a href=\"https:\/\/youtu.be\/i5sGcN6t5pI\" data-type=\"URL\" data-id=\"https:\/\/youtu.be\/i5sGcN6t5pI\" target=\"_blank\" rel=\"noreferrer noopener\">Heute hier, morgen dort<\/a><\/strong> (Musikanten sind in der Stadt @ Kulturwerkstatt Sonthofen 2018)<\/p>\n\n\n\n<p><a href=\"https:\/\/www.youtube.com\/watch?v=nD_z65kPQTY\" target=\"_blank\" rel=\"noreferrer noopener\"><strong>Susann<\/strong><\/a>&nbsp;(Musikanten sind in der Stadt @ Kulturwerkstatt Sonthofen 2018)<\/p>\n\n\n\n<p><strong><a href=\"https:\/\/youtu.be\/yW1zG2snzbY\" data-type=\"URL\" data-id=\"https:\/\/youtu.be\/yW1zG2snzbY\" target=\"_blank\" rel=\"noreferrer noopener\">Heute hier, morgen dort<\/a>\u00a0<\/strong>-Zugabe- (Live-Nacht @ Caf\u00e9 H\u00e4rlein Sonthofen 2018)<\/p>\n\n\n\n<p><strong><a href=\"https:\/\/youtu.be\/71hqQgmj2S0\" data-type=\"URL\" data-id=\"https:\/\/youtu.be\/71hqQgmj2S0\" target=\"_blank\" rel=\"noreferrer noopener\">Herbstlied<\/a>\u00a0<\/strong>(Live-Nacht @ Caf\u00e9 H\u00e4rlein Sonthofen 2018)<\/p>\n\n\n\n<p><strong><a href=\"https:\/\/youtu.be\/7NWnqpdd6i8\" data-type=\"URL\" data-id=\"https:\/\/youtu.be\/7NWnqpdd6i8\" target=\"_blank\" rel=\"noreferrer noopener\">Gut wieder hier zu sein<\/a><\/strong><a href=\"https:\/\/youtu.be\/7NWnqpdd6i8\" data-type=\"URL\" data-id=\"https:\/\/youtu.be\/7NWnqpdd6i8\"> <\/a>(Live-Nacht @ Caf\u00e9 H\u00e4rlein Sonthofen 2018)<\/p>\n\n\n\n<p><strong><a href=\"https:\/\/youtu.be\/S2DkLS5onbA\" data-type=\"URL\" data-id=\"https:\/\/youtu.be\/S2DkLS5onbA\" target=\"_blank\" rel=\"noreferrer noopener\">Ich wollte wie Orpheus singen<\/a><\/strong> Kulturwerkstatt 2017<\/p>\n\n\n\n<p><strong><a href=\"https:\/\/youtu.be\/5-kXMvrgh2o\" data-type=\"URL\" data-id=\"https:\/\/youtu.be\/5-kXMvrgh2o\" target=\"_blank\" rel=\"noreferrer noopener\">Meine S\u00f6hne gebe ich nicht<\/a>&nbsp;<\/strong>(L\u00fcer singt Mey &amp; mehr @ Kulturwerkstatt Sonthofen 2017)<\/p>\n\n\n\n<p><strong><a href=\"https:\/\/youtu.be\/KLF1hzq1eXg\" data-type=\"URL\" data-id=\"https:\/\/youtu.be\/KLF1hzq1eXg\" target=\"_blank\" rel=\"noreferrer noopener\">Die Ballade vom Pfeifer<\/a>&nbsp;(L\u00fcer singt Mey &amp; mehr @ Kulturwerkstatt Sonthofen 2017)<\/strong><\/p>\n\n\n\n<p><a href=\"http:\/\/youtu.be\/QJ8GRtxLTvY\" data-type=\"URL\" data-id=\"youtu.be\/QJ8GRtxLTvY\" target=\"_blank\" rel=\"noreferrer noopener\"><strong>Die E-Mail<\/strong><\/a> (L\u00fcer singt Mey &amp; mehr @ Kulturwerkstatt Sonthofen 2017)<\/p>\n\n\n\n<p><strong><a href=\"https:\/\/youtu.be\/g9t-k9gwXB0\" data-type=\"URL\" data-id=\"https:\/\/youtu.be\/g9t-k9gwXB0\" target=\"_blank\" rel=\"noreferrer noopener\">Whiskey in the jar<\/a> <\/strong>(Irisch Folk 2016)<\/p>\n\n\n\n<p><strong><a href=\"https:\/\/youtu.be\/rjLZ15hsO8s\" data-type=\"URL\" data-id=\"https:\/\/youtu.be\/rjLZ15hsO8s\" target=\"_blank\" rel=\"noreferrer noopener\">Susan<\/a> Sigi L\u00fcer &amp; Pit Bartenschlager (Die lange Nacht der Liedermacher 2016<\/strong><\/p>\n\n\n\n<p><strong><a href=\"https:\/\/youtu.be\/NLPNRurv8Tc\" data-type=\"URL\" data-id=\"https:\/\/youtu.be\/NLPNRurv8Tc\" target=\"_blank\" rel=\"noreferrer noopener\">Lieschen M\u00fcller<\/a> <\/strong>(Die lange Nacht der Liedermacher 2016)<\/p>\n\n\n\n<p><strong><a href=\"https:\/\/www.youtube.com\/watch?v=HhwXTorMmwo\" target=\"_blank\" rel=\"noreferrer noopener\">Gut wieder hier zu sein<\/a>&nbsp;<\/strong>(Kulturwerkstatt Sonthofen 2015)<\/p>\n\n\n\n<p><strong><a href=\"https:\/\/youtu.be\/X5xHo8YCysE\" data-type=\"URL\" data-id=\"https:\/\/youtu.be\/X5xHo8YCysE\" target=\"_blank\" rel=\"noreferrer noopener\">Heute hier morgen dort<\/a>  <\/strong>(Live @ Klostergarten, Immenstadt 2015)<\/p>\n\n\n\n<p><strong><a href=\"https:\/\/www.youtube.com\/watch?v=p5MyaIpCbHo\" target=\"_blank\" rel=\"noreferrer noopener\">Heute hier, morgen dort<\/a>&nbsp;<\/strong>(Live @ Klostergarten, Immenstadt 2014)<\/p>\n\n\n\n<p><\/p>\n\n\n\n<figure class=\"wp-block-image size-full is-resized\"><img decoding=\"async\" width=\"1024\" height=\"187\" src=\"https:\/\/sigi-lueer.de\/wp-content\/uploads\/2023\/03\/image-13.png\" alt=\"\" class=\"wp-image-1319\" style=\"width:1138px;height:auto\" srcset=\"https:\/\/sigi-lueer.de\/wp-content\/uploads\/2023\/03\/image-13.png 1024w, https:\/\/sigi-lueer.de\/wp-content\/uploads\/2023\/03\/image-13-300x55.png 300w, https:\/\/sigi-lueer.de\/wp-content\/uploads\/2023\/03\/image-13-768x140.png 768w\" sizes=\"(max-width: 1024px) 100vw, 1024px\" \/><\/figure>\n","protected":false},"excerpt":{"rendered":"<p>&#8222;Der Tag geht zu Ende&#8220; ein Lied aus dem Jahre 1979, das ich im Juni 2024 ver\u00f6ffentlichte Sigi L\u00fcer &amp; Tim Hecking auf den Spuren des gro\u00dfen deutschen Liedermachers Teil &hellip; <\/p>\n<p class=\"link-more\"><a href=\"https:\/\/sigi-lueer.de\/?page_id=47\" class=\"more-link\">Mehr <span class=\"screen-reader-text\">\u00fcber &#8222;LIEDERMACHER&#8220; <\/span>Lesen<\/a><\/p>\n","protected":false},"author":1,"featured_media":0,"parent":0,"menu_order":0,"comment_status":"closed","ping_status":"closed","template":"","meta":{"_price":"","_stock":"","_tribe_ticket_header":"","_tribe_default_ticket_provider":"","_tribe_ticket_capacity":"0","_ticket_start_date":"","_ticket_end_date":"","_tribe_ticket_show_description":"","_tribe_ticket_show_not_going":false,"_tribe_ticket_use_global_stock":"","_tribe_ticket_global_stock_level":"","_global_stock_mode":"","_global_stock_cap":"","_tribe_rsvp_for_event":"","_tribe_ticket_going_count":"","_tribe_ticket_not_going_count":"","_tribe_tickets_list":"[]","_tribe_ticket_has_attendee_info_fields":false,"inspiro_hide_title":false,"footnotes":"","_tec_slr_enabled":"","_tec_slr_layout":""},"class_list":["post-47","page","type-page","status-publish","hentry"],"featured_media_urls":[],"ticketed":false,"_links":{"self":[{"href":"https:\/\/sigi-lueer.de\/index.php?rest_route=\/wp\/v2\/pages\/47","targetHints":{"allow":["GET"]}}],"collection":[{"href":"https:\/\/sigi-lueer.de\/index.php?rest_route=\/wp\/v2\/pages"}],"about":[{"href":"https:\/\/sigi-lueer.de\/index.php?rest_route=\/wp\/v2\/types\/page"}],"author":[{"embeddable":true,"href":"https:\/\/sigi-lueer.de\/index.php?rest_route=\/wp\/v2\/users\/1"}],"replies":[{"embeddable":true,"href":"https:\/\/sigi-lueer.de\/index.php?rest_route=%2Fwp%2Fv2%2Fcomments&post=47"}],"version-history":[{"count":36,"href":"https:\/\/sigi-lueer.de\/index.php?rest_route=\/wp\/v2\/pages\/47\/revisions"}],"predecessor-version":[{"id":2023,"href":"https:\/\/sigi-lueer.de\/index.php?rest_route=\/wp\/v2\/pages\/47\/revisions\/2023"}],"wp:attachment":[{"href":"https:\/\/sigi-lueer.de\/index.php?rest_route=%2Fwp%2Fv2%2Fmedia&parent=47"}],"curies":[{"name":"wp","href":"https:\/\/api.w.org\/{rel}","templated":true}]}}